d be 2 + (-3 + -1381)/4. Calculate the remainder when 16 is divided by d/(-40) + 2/5.
7
Let v(k) = k + 13. Suppose -6*a + 8 = -2*a, 2*w + 24 = 2*a. Let i be v(w). Calculate the remainder when 3/3 + i + 12 is divided by 9.
7
Let n be (12 - 0)/((-1)/(-1)). Suppose -49 = -a - n. Calculate the remainder when a is divided by 2/(-8) - 106/(-8).
11
Let r be (3/4 + 1)*-4. Let n = 16 + r. Calculate the remainder when n is divided by (-2)/6 - (-16)/3.
4
Let x = -13 - -49. Calculate the remainder when x is divided by 13.
10
Suppose b = -1 - 4. Let p(r) = -r**2 - 9*r + 6. What is the remainder when p(b) is divided by 9?
8
Let v(u) = 3*u**2 + 4*u - 2. What is the remainder when v(-4) is divided by 11?
8
Let s(w) = -w - 1. Let j be s(-3). Suppose -2 = -4*d + 5*d. Calculate the remainder when 11 is divided by 5 + (j*-1)/d.
5
Let l be 0 + 0 + 0 + 8. Let m = l + -4. Let o = 38 - 35. Calculate the remainder when m is divided by o.
1
Suppose 0*a - 20 = 4*a, 0 = 3*s + 5*a + 34. Suppose -2*d - 2*j = -7*j - 49, 5*d = -4*j + 73. What is the remainder when 0 + 1 - 144/s is divided by d?
15
Suppose -4*a + 2*a + 2 = 0. Let y be 7 - ((a - 0) + 1). Suppose 35 = -3*t - y*g + 114, 3*t + 2*g = 91. Calculate the remainder when t is divided by 17.
16
What is the remainder when (-1 + 2)/(3/87) is divided by 20/3*39/26?
9
Let n(g) = 1 - 2 + 23*g - 21*g. Calculate the remainder when 42 is divided by n(8).
12
Suppose 2*d + 118 = 4*w, 4*d - 94 = -3*w - 11. Let i(m) = -m**2 + 7*m + 10. What is the remainder when w is divided by i(7)?
9
Let j = 95 + -81. Calculate the remainder when j is divided by 5.
4
Suppose 2*z - 10 = -3*z. Calculate the remainder when 2 is divided by z.
0
Calculate the remainder when 3/(-6) + 183/6 is divided by 11.
8
Let g(w) = w**2 + 16*w + 38. What is the remainder when g(-16) is divided by 22?
16
Let a(v) = -v - 3. Let h be a(-6). Suppose 4*x - 3 = m, -x - 15 = 2*m + h*m. Suppose x = -0*u + 4*u - 104. Calculate the remainder when u is divided by 9.
8
Suppose 4*u - 4 = 0, -2*s = 5*u - 32 - 5. What is the remainder when 28 is divided by s?
12
Let o = -12 + 26. Calculate the remainder when o is divided by 8.
6
Let k = 10 - 5. Suppose -k*t + 14 = -2*o - 2*t, -16 = 3*o - 2*t. Let r = o + 11. Calculate the remainder when 13 is divided by r.
6
Suppose 6*c - 2*c - 32 = 0. Let m be 9 + -2 + 2 + -4. Suppose -2*d + m = -d. Calculate the remainder when c is divided by d.
3
Let b(f) = f**3 - f**2 + f + 2. Suppose -2*v = -u + 4 + 4, u - 11 = v. Calculate the remainder when u is divided by b(2).
6
Let t(y) = 3 + 6*y**2 + 3*y - 2*y**3 - 12 + y**3. Let j(d) = d**3 + 4*d**2 - 4*d + 1. What is the remainder when j(-4) is divided by t(6)?
8
Suppose -4*n + 24 = -2*n. Calculate the remainder when 5 is divided by n/(-30) - (-34)/10.
2
Let n(p) be the third derivative of -p**6/120 - p**5/20 - p**3/3 + 2*p**2. Let j(t) = 6*t + 3. Calculate the remainder when j(4) is divided by n(-4).
13
Suppose -3*a = 3*o - 180, 0 = a + 2*o + 8 - 71. What is the remainder when a is divided by 15?
12
Let z = 2 - 2. Suppose -9 = -s - 3*y, z = -3*y - y. What is the remainder when 24 is divided by s?
6
Suppose 3*i - 9 = 2*i. Calculate the remainder when -1 + 1 + 27 + -2 is divided by i.
7
Suppose h + 3*j = 2*h - 45, 2*h - 35 = -5*j. Suppose 4*z - 30 = -5*u - z, -14 = -2*u - z. Calculate the remainder when h is divided by u.
6
Let q(h) = -6*h**3 - 4*h**2 + 5*h. Let a be q(-4). Suppose 7*v = 4*v + a. Suppose -4*g + v = g. Calculate the remainder when g is divided by 7.
6
Let c(l) = 2*l + 3. What is the remainder when 53 is divided by c(4)?
9
Calculate the remainder when 61 is divided by ((-5)/(-10))/(2*1/72).
7
Let y(u) = -96*u**2 + u. Let i be y(1). Calculate the remainder when 54 is divided by (0 + 2)*i/(-10).
16
Suppose -3*j = 2*c + 103, -5*j + 2*c = -2*c + 201. Suppose 3*i - 4*v = 38, -35 + 10 = -2*i + 3*v. Calculate the remainder when 3 - 1 - (j + -1) is divided by i.
12
Let f(y) = -y**3 + 9*y**2 - 9*y + 2. Let a be f(8). Let s = a - -6. Suppose s*n - n = -1. What is the remainder when 3 is divided by n?
0
Suppose -17*m + 103 = -33. Let j be 180/3 - (-2 + 1). Let s = 91 - j. Calculate the remainder when s is divided by m.
6
Let a(z) = z**3 - 5*z**2 + 5*z - 3. Let l be a(4). Let k be (-24)/6*(-1)/2. Let h = k - l. Calculate the remainder when 2 is divided by h.
0
Calculate the remainder when ((6/(-18))/1)/((-2)/114) is divided by 11.
8
Suppose 2*a = a + 4. Suppose -2*w = -a - 24. What is the remainder when 53 is divided by w?
11
What is the remainder when 154 is divided by -3 + (1 - 30)*-1?
24
Let g = -27 + 30. What is the remainder when 3 is divided by g?
0
Suppose 4*q = -12 - 4. Let f = 13 + q. Suppose -72 = -5*r + 13. Calculate the remainder when r is divided by f.
8
Let x(d) = d**3 - 2*d + 3. Suppose -2*o = -6 + 2. What is the remainder when 18 is divided by x(o)?
4
Suppose 0*g - 5*g = -25. Suppose -g*w = -0*w - 50. Let c = -7 - -11. What is the remainder when w is divided by c?
2
Let u = -70 - -79. Calculate the remainder when u is divided by 4.
1
What is the remainder when 9 is divided by ((-15)/10)/((-6)/16)?
1
Let g(a) = -a**3 + 14*a**2 - 8*a + 12. Calculate the remainder when g(13) is divided by 25*(-5)/(25/(-4)).
17
Let t = 57 - 38. What is the remainder when t is divided by 6?
1
Suppose -5*f = k - 95, 4*f + 5*k - 76 = -0*f. Suppose -2*i + 7 = -f. What is the remainder when 37 is divided by i?
11
Let j(r) = 8*r - 1. Let y be j(4). Let s = 51 - y. Let b(h) = -h**3 - 6*h**2 - 8*h - 4. What is the remainder when s is divided by b(-5)?
9
Suppose i = 3*b - b - 143, -268 = -4*b - 4*i. Let x = b + -49. What is the remainder when 40 is divided by x?
19
Suppose -2*h - 14 = 3*u - 56, -3*h + 55 = 4*u. What is the remainder when 61 is divided by u?
13
Suppose -5*z + 2*i + 97 = -28, 4*i - 95 = -5*z. Calculate the remainder when z is divided by 10.
3
Suppose -5*f = -2*f - 30. Calculate the remainder when 36 is divided by f.
6
Let p be (-2)/(-6) + (-56)/6. Let k = 6 - p. Calculate the remainder when 25 is divided by k - (6*1)/3.
12
Suppose 536 - 199 = n. Suppose 4*j - n = -o, 0*j + 229 = 3*j - 4*o. Let z = 20 + 8. Calculate the remainder when j is divided by z.
27
Let t(s) = s + 20. What is the remainder when t(14) is divided by 7?
6
Suppose -2*t + 13 + 17 = 0. Let s = t + 4. Let m = -40 - -76. Calculate the remainder when m is divided by s.
17
Let v(p) = p**2 - 3*p - 6. Let n be v(-6). Let i = n - 31. Let u = 46 + -37. What is the remainder when i is divided by u?
8
Let s(v) = -73*v**3 - 2*v - 2. Let p(n) = n - 1 + 2*n**2 - n + n + 2*n**3. What is the remainder when s(-1) is divided by p(2)?
23
Suppose 0*f - 300 = -12*f. Calculate the remainder when 73 is divided by f.
23
Suppose 5*j + 3*m = 17, 0*j + 9 = j + 2*m. Suppose 0*v - 8 = v. Calculate the remainder when 29 is divided by (30/v)/(j/(-4)).
14
Let m(o) = -o**2 - 6*o + 8. Suppose j - 4 = 18. What is the remainder when j is divided by m(-6)?
6
Let o(q) = q**2 + 9*q + 16. Calculate the remainder when 31 is divided by o(-7).
1
Suppose 4*s - 216 = -5*d, -4*s + 133 = d - 99. What is the remainder when s is divided by 15?
14
Let z(m) = -3*m - 2*m + 2 + 0*m**3 + 6*m**2 - m**3. Calculate the remainder when 21/5 + (-6)/30 is divided by z(5).
0
Let r = -39 + 44. What is the remainder when r is divided by 5?
0
Let f(r) = 2*r**2 + 2*r**2 - 5*r**2 + 7 - 7*r. Let j(h) = h**2 + 11*h + 12. Let g be j(-9). What is the remainder when 38 is divided by f(g)?
12
Let s = -3 + 34. Let r = -97 + 108. Calculate the remainder when s is divided by r.
9
Suppose 7*f - 8*f = 23. Let z = f + 24. What is the remainder when z is divided by 1?
0
Let m(c) = -c**3 - 2*c**2 + 6*c - 4. Calculate the remainder when m(-5) is divided by 11.
8
Suppose 5*x = -2*d + 7 + 6, x = d - 3. Suppose 3*c + 8 = d*m, -4*c - 24 = c - 4*m. What is the remainder when 2/4 + (-100)/c is divided by 5?
3
Let k be -1 - (0 - -1 - 2). Suppose -5*q + 65 = -k*q. Calculate the remainder when 37 is divided by q.
11
Calculate the remainder when (1 + 1)/(500/(-72) + 7) is divided by 10.
6
Suppose -31 = -5*k + 4. Suppose i = -1, -3*i = f - 1 + 2. What is the remainder when k is divided by f?
1
Suppose -r + v = -11, -3*r - v + 0*v + 13 = 0. Let p be (-3 - 0)*15/(-9). Suppose 0*c - p*c + 80 = 0. What is the remainder